 5243 and z.
49
Let q be (1 - -13)*(16 - 15). Let t(d) = -d**2 + 16*d - 22. Let m be t(q). Suppose -3*h + m*h = 27. What is the greatest common divisor of 18 and h?
9
Suppose -122*s + 24527 = 49*s - 25747. What is the greatest common divisor of s and 18?
6
Let r be (588/24 + -14)/(9/(-6)) + 232. Suppose 3*c - 5*f = 65, -11 = 4*c + 5*f - 121. Calculate the highest common factor of r and c.
25
Let w = 171 + -155. Suppose w*k + 209 = 27*k. What is the greatest common divisor of k and 152?
19
Let v be ((-13 - -9)*7)/(8/(-6)). Suppose 0 = -5*k + q + 16, -6 = -3*k - 2*q + 1. What is the greatest common divisor of k and v?
3
Let i = 26973 + -26424. What is the greatest common factor of 36 and i?
9
Suppose -m - 4892 = -4*s, 2*m - 1361 = -s - 147. Let a be (-820)/(-615)*78/8. Calculate the highest common divisor of s and a.
13
Let l be (12/(-30))/((-3)/240 - 0). Let f(t) = 2*t**2 + 2*t. Let p be f(7). Calculate the highest common divisor of p and l.
16
Suppose 2 = 5*z - 3*z + 2*t, -z - 1 = -t. Let m be -4*(z + (-13)/2). Let k be (-1860)/(-35) + ((-336)/(-49) - 8). What is the highest common divisor of m and k?
26
Let v be 3/(1/(-10)*3 + 0). Let l(y) = y**3 + 10*y**2 - 3*y + 24. Let m be l(v). Suppose m = -4*w + 246. Calculate the highest common divisor of w and 48.
48
Let y(n) = -2*n**3 + 39*n**2 + 21*n + 16. Suppose g + 2*x = 16, -4*g + 62 + 22 = -2*x. Let o be y(g). What is the greatest common factor of o and 90?
18
Suppose 65*h - 22*h = -19*h + 17980. Calculate the highest common divisor of h and 450.
10
Let q = -5257 + 5399. Calculate the greatest common factor of 4970 and q.
142
Let h be 6198/42 - (-116)/(-203). Calculate the greatest common divisor of 483 and h.
21
Suppose 0 = 5*j - v - 72, 12*v - 9*v = -j + 8. Calculate the highest common divisor of 7 and j.
7
Suppose -5*h = -105 + 5. Suppose -5*f - 3515 = -2*c, 3*c - 1296 = -2*f + 3986. Suppose 5*g - 13*g = -c. What is the greatest common divisor of h and g?
20
Suppose 29*j + 6 = 31*j. Suppose j*r = -3*c + 63, 5*c = 4*c - 2*r + 25. Let h = 219 + -32. What is the greatest common factor of h and c?
17
Suppose -n = -124 + 9. Suppose m = -q + 8 + 33, 5*m - n = -3*q. Suppose 3*u - 6*u = -15. Calculate the greatest common factor of u and q.
5
Let v = -43 - -49. Suppose -4*h - 5*n - 27 = -v*h, -46 = -3*h + 2*n. Let t be 356/22 - h/88. Calculate the highest common divisor of 8 and t.
8
Let q be (-4 - -8) + (7 - 3)/4. Suppose 0 = -3*x + p + 1767, 1361 = 4*x - q*p - 995. What is the greatest common divisor of 19 and x?
19
Suppose 0*k = 6*k + 30, 3*j - 197 = k. Calculate the highest common factor of j and 10400.
32
Let x be -46 + 1*(3 - 2). Let t = x - -49. Suppose 2*o - 3*o + 1 = t*h, -h = -2*o + 11. What is the greatest common factor of o and 20?
5
Let j = 50 - -175. Suppose 24*p - 229 = 119 + 252. What is the greatest common divisor of p and j?
25
Let z(j) = 3*j**3 - 9*j**2 + 5*j - 15. Let f be z(3). Suppose -4*p + 2916 = -2*i + 750, f = 3*p + 4*i - 1652. Calculate the highest common factor of p and 17.
17
Let g = 387 + -146. Let w = g - 220. What is the greatest common factor of 9 and w?
3
Suppose 595*r = 1178*r - 588*r + 13510. Calculate the highest common factor of 42 and r.
14
Suppose -5*d + 37 - 7 = m, 0 = 2*d - 4. Let b be (9/(63/(-56)))/(-1). Suppose 2*u - 452 = 3*q, b + 0 = -2*q. Calculate the greatest common divisor of m and u.
20
Suppose -5*n - 1160 = -3*v, -3*v - 41*n + 1168 = -42*n. Calculate the greatest common factor of v and 240.
30
Let y = 7062 - 7010. What is the greatest common factor of 14716 and y?
52
Suppose 3 + 17 = 4*s, 3*s - 25 = -5*o. Let c = o + 11. Suppose -175*d + 170*d = 2*f - 319, 337 = 5*d - 4*f. What is the highest common factor of c and d?
13
Let j(x) = x**2 - 12*x + 32. Let y be j(6). Let c(d) = -3*d + 2. Let h be c(y). Let s be 10/7 + 8/h. What is the highest common factor of 2 and s?
2
Let s = 15 + -15. Suppose s = -7*d - 3 + 10. Let u(v) = 19*v**2 - v. Let m be u(d). What is the greatest common factor of m and 198?
18
Let l = -100 + 156. Let k be (-1)/(7/3) + 16*12338/6944. What is the greatest common divisor of l and k?
28
Let s be (110/385)/((-5)/(-420)). Suppose 1464 = -4*x + a + 2*a, 0 = 5*a + 20. Let w = x - -561. What is the highest common divisor of w and s?
24
Let x be ((-9075)/900 + 2/24)*-52. Calculate the greatest common divisor of x and 1144.
104
Suppose 0 = 3*f - 13*l + 17*l - 1080, -5*f + 1766 = l. What is the highest common divisor of 1166 and f?
22
Let c(w) = -203*w**2 + 2063*w - 10. Let u be c(10). What is the highest common divisor of u and 9760?
160
Suppose 4*o = -2*i + 142 + 42, 0 = 2*i - 5*o - 175. Let m(n) = -3*n**3 + 13*n**2 - 5*n + 14. Let p be m(4). Calculate the greatest common divisor of i and p.
10
Suppose -121*p + 125*p - 1600 = 2*y, 0 = -4*y + 16. What is the highest common factor of p and 2546?
134
Suppose z - 319 = -3*x, -326*x - 4*z = -329*x + 314. Calculate the greatest common divisor of x and 2014.
106
Let i = -2 - -19. Let v(w) = -w**3 - 5*w**2 + 14*w + 33. Let j be v(-9). Let o = -95 + j. What is the highest common factor of o and i?
17
Suppose -22754 + 42470 = 23*i - 90454. Calculate the greatest common divisor of i and 10.
10
Suppose -12*m = -25*m - 65. Let l be m/(75/(-174)) + (-14)/(-35). Calculate the greatest common divisor of 12 and l.
12
Suppose -4*m + 9 = -23. Suppose w - m*f - 14 = -4*f, -2*f = -8. Suppose 0*c = -5*c + w. Calculate the highest common divisor of 30 and c.
6
Let s be ((-8)/10)/2 + 108/20. Suppose -44 = -s*d + d. Suppose -9*q + 270 - 72 = 0. What is the highest common factor of d and q?
11
Suppose 3*v = -z + 26 - 6, 2*z + 5 = 3*v. Suppose -6*w + 2*w - v*a = -148, w - 20 = 3*a. What is the highest common factor of w and 64?
32
Suppose 8837 - 1169 = 27*h. What is the greatest common factor of 71 and h?
71
Let k = 539 + -563. Let h be k/((-9)/(-3))*6/(-4). Calculate the greatest common factor of 104 and h.
4
Suppose 0*k - 2*q = -k + 59, 183 = 3*k - 3*q. Suppose -6*b - 4*v = -9*b + 236, -2*b + 4*v = -152. What is the greatest common factor of k and b?
21
Let q be (-12)/15 + 84/(-20). Let v be (-1074)/(-9) + ((-20)/6)/q. Suppose 0 = -i - 3*i + 96. What is the highest common factor of i and v?
24
Let o be 192/4 + 1 - -1. Let u = o - 24. Let l = -3651 + 3690. Calculate the greatest common divisor of l and u.
13
Let m be (1 + -2)/(1/(-7)). Suppose 0*a - 4*w = 5*a - 29, 2*w + 3 = a. Let d = a + 51. What is the highest common factor of m and d?
7
Suppose 53*n - 58*n = -2*q + 720, 6 = 3*n. Calculate the highest common factor of 657 and q.
73
Let r(m) = -m**3 + 12*m**2 + m - 8. Let p be r(12). Let j be (2/18 - 100/(-72))*p. Calculate the highest common divisor of j and 21.
3
Let d = 799 + -437. Let m = d - 26. What is the greatest common divisor of 48 and m?
48
Suppose -3*i - 2*b + 2368 = 0, 0 = -4*i - 3*b + 1116 + 2040. Calculate the greatest common factor of 432 and i.
72
Let a = -2765 - -2829. What is the highest common divisor of a and 592?
16
Suppose -738 = 12*q - 17*q + 3*z, 585 = 4*q + 3*z. Calculate the greatest common divisor of 3969 and q.
147
Suppose u + 58 = 2*v - 2*u, 3*u - 12 = 0. Let j(i) = 29*i**2 - 19*i + 67. Let w be j(4). What is the greatest common divisor of v and w?
35
Suppose 93*v = 18*v + 65550. What is the highest common divisor of 76 and v?
38
Let j be (-20 - -6 - -20)*7. What is the highest common factor of j and 1442?
14
Suppose 3569*l - 7584 = 3561*l. What is the highest common factor of 6 and l?
6
Let y = 9 + -3. Let d(o) = -o**3 + 5*o**2 + 7*o + 6. Let b be d(y). Let r(i) = i**2 - 38*i - 327. Let p be r(-9). What is the greatest common factor of p and b?
12
Suppose 180*t - 171*t = 36. Suppose t*y + 10*d - 5*d - 436 = 0, 2*d - 334 = -3*y. Let o be (-2 - (-10)/4)*38. What is the highest common divisor of y and o?
19
Let p(g) = 2*g**2 - 17*g - 172. Let n be p(15). Calculate the highest common divisor of 46 and n.
23
Let j be (-85)/(-8 - (-66)/12). What is the highest common divisor of 493 and j?
17
Let u = 5 - 3. Suppose -u*l - 171 = -5*l. What is the greatest common divisor of l and 19?
19
Let h(k) be the first derivative of -5*k**2/2 - 39*k - 7. Let s be h(-15). What is the highest common factor of 18 and s?
18
Suppose 5*x - 38297 = s, 4*x + 99*s - 93*s - 30658 = 0. Calculate the hig